 List the prime factors of h.
2, 3, 5483
Let d be -29 - -18 - (-1 + (1 - -1)). Let o(q) = q**3 + 16*q**2 + 12*q - 26. Let l be o(d). Suppose 7*s - l = -0*s. List the prime factors of s.
2, 29
Let n = 409 - 397. Suppose n*m = -1208 + 7256. What are the prime factors of m?
2, 3, 7
Let p be ((-10)/5)/((-26)/15223). Let z = p - 756. List the prime factors of z.
5, 83
Let r(q) be the second derivative of 37*q**4/4 + 7*q**3/2 - 29*q**2 - q - 31. What are the prime factors of r(3)?
2, 251
Let w(p) = -2*p**3 - 92*p**2 - 59*p - 33. List the prime factors of w(-46).
7, 383
Let j = -187 + 569. Suppose -4*x + 2*y = -3476 - j, -969 = -x - y. List the prime factors of x.
2, 3, 7, 23
Let n(t) = 161*t**3 + 5*t**2 - 13*t + 14. What are the prime factors of n(4)?
2, 7, 739
Suppose 149 = 88*v - 87*v. Let n = 199 - v. What are the prime factors of n?
2, 5
Suppose -2*o = -3*q - 16543, -10*o + 8*o - 4*q = -16578. List the prime factors of o.
17, 487
Let f = -39 - -41. Let r(x) = -2*x**3 + 6*x**2 - 5*x + 4. Let z be r(f). Suppose -2*w = z*w - 392. What are the prime factors of w?
2, 7
What are the prime factors of (23 - (-74)/(-4))/((-3)/(-406))?
3, 7, 29
Suppose -5*n - 154 = 2*n. Let f be (-14530)/(-55) - (-4)/n. Let z = f - 180. List the prime factors of z.
2, 3, 7
Let y(m) = 2*m**2 - 102*m + 2004. What are the prime factors of y(100)?
2, 13, 227
Let y(s) = -7*s**2 - 32*s - 68. Let n(z) = 5*z**2 - 24*z**2 - 95*z - 204 - z**2. Let a(x) = 6*n(x) - 17*y(x). What are the prime factors of a(-20)?
2, 13
Suppose -4*f = -0*s + 5*s - 67534, 0 = -5*s + 4*f + 67566. Suppose -17*h + s = -3*h. List the prime factors of h.
5, 193
Let q(s) = 5*s**2 - 1. Let g be q(1). Suppose -5*t + 4*t + 24 = g*x, -x = -5. What are the prime factors of t*((-24)/20)/((-16)/20)?
2, 3
Suppose -39*n = -5*j - 42*n, -j = 4*n. Suppose j = 67*k - 20*k - 92684. What are the prime factors of k?
2, 17, 29
Let m(k) = -k**3 - 11*k**2 + 22*k - 8. Suppose g - 7 - 3 = 5*i, 5*i = -20. Let y be m(g). What are the prime factors of (10/(-8))/(2/y)?
5, 41
Suppose -2*w = 2*h + 5 + 5, -4*w = -5*h - 25. Suppose 2*n - 120 = -w*n. Suppose -2*k - c + 40 = -2*c, -n = -3*k + 3*c. List the prime factors of k.
2, 5
Let o = -147 + 154. Let s(a) = 7*a**2 - 3*a. What are the prime factors of s(o)?
2, 7, 23
Let y(f) be the second derivative of -5*f**3/6 - 15*f**2 + 24*f. Let h be y(-7). Suppose -4*j - 39 = 3*r - 188, 2*j - 239 = -h*r. List the prime factors of r.
47
Let o(i) = -8*i**3 - 10*i**2 + 18*i + 96. List the prime factors of o(-13).
2, 31, 127
Suppose b + 4 = 34. Let g(p) = 2*p**2 - 59*p - 28. Let h be g(b). Suppose -4*v = m - v - 164, -547 = -3*m + h*v. List the prime factors of m.
179
What are the prime factors of (-2 - 109/2)/(-12 - (-9069)/756)?
2, 3, 7, 113
What are the prime factors of (8 + -18)*((-8841)/70)/((-2)/(-8))?
2, 3, 421
Suppose 13233 = 3*v + 5*k, -17*k + 19*k = 2*v - 8806. Suppose -16*c + 8570 = -v. List the prime factors of c.
811
Suppose x - 785 + 28 = 0. Let p = x - 293. Suppose 7*y = 3*y - 2*t + p, 3*y - 335 = 5*t. What are the prime factors of y?
5, 23
Let i = 1150 - 384. Let v = i + -382. What are the prime factors of v?
2, 3
Let d(s) = 211*s**2 + 30. What are the prime factors of d(8)?
2, 67, 101
Let g be (-6)/33 - (-4280)/(-55). Let p = g + 214. Suppose -139*d + 561 = -p*d. What are the prime factors of d?
11, 17
Let u be (-17)/51 + (-1)/(-3). Suppose u = -21*z + 5913 + 7044. What are the prime factors of z?
617
Let z be 2/11 - (-14 + 340/55). Let x(k) = -15*k**2 - 13*k + 3. Let q(r) = 7*r**2 + 6*r - 2. Let n(c) = 13*q(c) + 6*x(c). List the prime factors of n(z).
2, 7
Let t be ((-1828)/3)/((-166)/249). What are the prime factors of (28/14)/(4/t)?
457
Let s be (-16)/24 + 218/3. Suppose 7*v - 529 = 332. Suppose 3*a = -3*i + a + v, -s = -2*i + 2*a. What are the prime factors of i?
3, 13
Let r be (1*6/(-12))/(1/(-2)). Let p be ((-44)/6*3)/r. Let x(f) = -10*f. What are the prime factors of x(p)?
2, 5, 11
List the prime factors of 7 - ((-116082)/12)/((-1)/(-2)).
2, 9677
Let k be (-7 - -4 - -7) + 760. Let c = 433 + k. What are the prime factors of c?
3, 7, 19
Let g(k) = 4*k + 1. Let a be g(-4). Let b = a - -68. Suppose -3*u = -b - 241. What are the prime factors of u?
2, 7
Let w(x) = -4074*x + 261. What are the prime factors of w(-3)?
3, 19, 73
Let a(r) = 1619*r**2 + 200*r - 100*r - 98*r**2 - 101*r + 1. What are the prime factors of a(1)?
3, 13
What are the prime factors of (131/3)/((-114)/(-19) + (-9142)/1524)?
2, 127, 131
Let n = -24 + 28. List the prime factors of n/(-6)*(-231 + 9).
2, 37
Let n(d) = -57*d**3 - 4*d**2 - 108*d - 735. What are the prime factors of n(-6)?
3, 4027
List the prime factors of 21/42 + (-15866)/(-4).
3967
Let c(x) = 8*x**2 + 238*x + 326. List the prime factors of c(-63).
2, 4271
Suppose -2*i + 7*x - 8*x = -2571, -i = -5*x - 1258. Let r = -942 + i. What are the prime factors of r?
11, 31
Let n(y) = 9*y - 35. Let w be n(17). Let m = w - 114. List the prime factors of 5 - (-4 + -348)/m.
3, 31
Suppose 0 = 7117*r - 7035*r - 4537634. What are the prime factors of r?
55337
List the prime factors of -22 + 21 + ((-17041)/(-2) - 0)*2.
2, 3, 5, 71
Let w = 9496 + -5554. What are the prime factors of w?
2, 3, 73
Let q = -13 + 17. Suppose q*v - 9 = v. Suppose v*b - 78 = -2*y, 0*y + 4*y = -5*b + 154. List the prime factors of y.
2, 3
What are the prime factors of 1367031/18 + ((-64)/8)/48?
2, 13, 23, 127
Let y = 18524 - 4006. What are the prime factors of y?
2, 7, 17, 61
Let c(a) = -623*a**3 - 30*a**2 - 72*a + 57. What are the prime factors of c(-4)?
79, 503
Let d(c) = -2*c**3 - 11*c**2 + 3*c - 9. Let w be d(-6). Suppose w*a - 10*a = -8. List the prime factors of a + 67 + (0 - 1).
2, 37
Let y = -1075 + 486. Let w = y + 1435. What are the prime factors of w?
2, 3, 47
Suppose 130*p = 45*p - 49*p + 887750. What are the prime factors of p?
5, 53
Let w be 13/((-52)/(-8)) + 1. Suppose s + 5*u - 623 - 237 = 0, 0 = s - w*u - 836. List the prime factors of s.
5, 13
Let f(l) = 187*l - 18. Let w = 237 - 236. List the prime factors of f(w).
13
Let x be (-101)/(5/(-10)*2). Let n = x + 33. List the prime factors of n.
2, 67
Let g(l) = -l**2 + 7*l + 16. Let f = 40 - 31. Let p be g(f). What are the prime factors of ((-1)/(p/(-6)))/(-1)?
3
Suppose -2*t + 5*z = 2*z - 5, -z + 13 = 3*t. Let w(g) = -7*g + 8. Let p be w(t). What are the prime factors of (-2)/5 + (-1128)/p?
2, 7
Let i be (3 - 0)*64/(-48). Let o(d) = d + 4. Let c be o(i). Suppose 0*q + 4*q - 136 = c. List the prime factors of q.
2, 17
Let h(g) = -2*g - 28. Let b be h(-16). Let w(f) = b*f - 3*f + 3 + 12. What are the prime factors of w(-8)?
7
Let k(v) be the first derivative of -2*v**3/3 + 20*v**2 + 5*v + 9. Let d be k(20). Suppose d*y + 2*z - 141 = 277, -3*z + 258 = 3*y. List the prime factors of y.
2, 41
Let m = 515 - -71. Let p = 874 - m. What are the prime factors of p?
2, 3
Let t(x) = 10*x**2 - 32*x - 27. Let w be t(-1). Let f(q) be the first derivative of 7*q**2 + 64*q - 1. What are the prime factors of f(w)?
2, 137
Let x(t) = 37*t**3 + 31*t**2 - 12*t - 2. What are the prime factors of x(6)?
2, 4517
Let j(b) = -18*b + 135. Let i be j(12). Let z = i + 618. What are the prime factors of z?
3, 179
Suppose v - 3*i = -9, -5*v + 0*v + 2*i = 32. Let u(h) = h**2 - h + 13. Let s be u(v). Suppose 0*p = p - s. What are the prime factors of p?
5, 11
Let p = 248 + -248. Suppose 25*i - 37*i + 6312 = p. List the prime factors of i.
2, 263
Let s(a) be the second derivative of 13*a**4/12 - 35*a**3/6 + 5*a**2 + 32*a. What are the prime factors of s(10)?
2, 3, 5
Let y(l) = l**3 - l**2 - l - 4. Let w be y(3). Let z(r) = -3 - 8*r + 0 - w. List the prime factors of z(-6).
2, 17
Suppose -13*c + 10*c = 2*w - 23746, 3*w - 35649 = 3*c. List the prime factors of w.
7, 1697
What are the prime factors of 2156/66*7794/12?
7, 433
Let z be 9/12 - 81/108. Let b(g) be the third derivative of -g**5/60 + g**4/8 + 12*g**3 + g**2. List the prime factors of b(z).
2, 3
Suppose 0 = -y + 495*i - 490*i + 3872, 2*i = 3*y - 11603. What are the prime factors of y?
3, 1289
List the prime factors of 942*(135/72*12)/3.
3, 5, 157
Suppose 0 = 14*w + 7857 + 4645. Let y = -368 - w. List the prime factors of y.
3, 5, 7
Suppose 4 = 4*r, -z - 3*r + r + 3431 = 0. Let f = z + -2335. List the pri